33. Suppose 0*u - 5*u - 3*i + 213 = 0, -70 = -z*u - 5*i. Calculate the highest common divisor of 27 and u.
9
Suppose 0 = 31*r - 0*r - 43710. What is the greatest common factor of r and 15?
15
Let o = 1270 - 1266. What is the greatest common divisor of 332 and o?
4
Let a(q) = q**3 + 4*q**2 - 4*q - 1. Let y = 18 - 22. Let k be a(y). Suppose 24*o - 19*o = k. Calculate the greatest common factor of o and 27.
3
Suppose q + 4*m = 6, 16 = -5*q - 4*m - 34. Suppose i - 2*i = -27. Let b = q + i. Calculate the highest common divisor of b and 26.
13
Let z = 30 + -28. Suppose z*v - 6*v - 5*p = -199, -3*v + 4*p = -126. Suppose 0 = 5*f - 4*f - v. What is the greatest common factor of 115 and f?
23
Let r = 31 - 22. Suppose r*w - 4*w = -40. Let a(g) = -17*g. Let b be a(w). What is the greatest common divisor of b and 17?
17
Let h(d) = -3*d**2 - 3*d + 3. Let k(v) = 2*v**2 + 4*v - 4. Let n(g) = -3*h(g) - 4*k(g). Let p be n(-7). What is the highest common divisor of 42 and p?
21
Let z(d) = -2*d**3 + 4*d**2 + 8*d + 6. Let c be z(3). Calculate the highest common factor of 372 and c.
12
Let q(j) = -183*j + 949. Let l be q(5). What is the highest common divisor of 289 and l?
17
Let j(k) = 38*k + 1. Let g be (4/(-3))/((-36)/27). Let q be j(g). Calculate the highest common factor of 312 and q.
39
Suppose g - f - 80 = 94, 4*f = 12. Let q = 98 + -212. Let k = g + q. Calculate the greatest common factor of k and 7.
7
Suppose -y - 2*g = -56, 3*y + g = 4*g + 168. Suppose -5*o - m = -0*m - 41, 37 = 4*o + 5*m. Calculate the greatest common factor of o and y.
8
Let h = 38 + -71. Let z be (-4)/32*-8*(-3)/(-1). Let u be (-40)/(z - h/(-9)). What is the greatest common divisor of u and 24?
12
Let d(g) = 18*g + 2 - 3 + 46*g. Let v be d(1). Let n = 448 - 439. Calculate the greatest common factor of v and n.
9
Let l = -9 + 9. Suppose l = 2*r + r - 6. Suppose 4*z + 4*k = 32, 4*z = 2*k - 0 + r. What is the highest common factor of 15 and z?
3
Let v(z) = 6*z - 65. Let w be v(12). Suppose 3*h - 4680 = -w*h. What is the highest common factor of 52 and h?
52
Suppose -3*r + 39 = -2*r. Calculate the greatest common factor of 507 and r.
39
Let t = 22 - 10. Let c be (21 + -18)*10/6. Suppose v - c*v + 240 = 0. What is the greatest common divisor of t and v?
12
Suppose -7*n + 2744 - 882 = 0. Calculate the greatest common factor of n and 114.
38
Suppose 3*z + 6 = 15. Suppose -k - 4*k = 5, z*b + 2*k = -2. Suppose b = 3*p - 6*p + 324. Calculate the greatest common factor of p and 12.
12
Let y(k) = -2*k**3 - 18*k**2 + 22. Let m be y(-9). Calculate the highest common divisor of m and 66.
22
Let z(k) = 7*k + 142. Let c be z(-20). Let m = -16 - -25. Calculate the greatest common divisor of m and c.
1
Suppose 0 = -f - 3*f - 3*a + 179, a + 131 = 3*f. Let n(h) = 5*h + 66. Let k be n(0). Calculate the greatest common divisor of f and k.
22
Let c(l) = -17*l - 630. Let s be c(-42). What is the highest common factor of 147 and s?
21
Suppose -r - 107 + 18 = 0. Let q = -84 - r. What is the highest common divisor of q and 5?
5
Suppose 1986 = 2*u + 322. What is the greatest common factor of 13 and u?
13
Let t be (-2)/15 - 1346/30. Let q be 9/(t/(-10)) - -4. Let j be 20 - (0 + (4 - q)). Calculate the highest common divisor of j and 66.
22
Let j(s) = 3*s**3 - 2*s**2 + 4*s + 4. Let h be j(-3). Let d = h + 227. Suppose 30 = 4*q + 3*l - 21, 2*l - 9 = -q. What is the highest common divisor of q and d?
15
Let r be ((-20)/80)/(-1 - (-14)/16). Suppose 3*y = u - 9 + 2, -2 = -r*y. Calculate the greatest common divisor of 30 and u.
10
Let h = 1746 - 1745. Suppose -3*x = -x + 2. Let m be 1 - x - 2/(-2). What is the greatest common divisor of m and h?
1
Let j be (2/7)/(8/(-56)). Let v be (j + 1938/12)*2. What is the highest common divisor of v and 29?
29
Let a(s) = 0 - 10 + 0*s - s - s. Let v be a(-7). Suppose 46 = -v*o + 166. Calculate the highest common divisor of 12 and o.
6
Suppose 10 = g + 23. Let u = 41 + g. What is the highest common divisor of 56 and u?
28
Let f be 63/1 - (-6)/(2*-1). Let i = f - 33. What is the greatest common factor of 18 and i?
9
Suppose -2*v + 0 = -22. Suppose -k + v = 5. What is the highest common divisor of 54 and k?
6
Suppose -1 + 9 = 4*r. Suppose -5*m = 2*o - 2*m - 13, -2*o + 18 = -r*m. Calculate the highest common divisor of 88 and o.
8
Let d(z) = 28*z - 72. Let v be d(6). Let q = 51 + 13. What is the greatest common factor of v and q?
32
Let f be 10/(-15) - -1 - 118/(-6). Let k be (-4)/20 - (-1304)/f. Calculate the highest common divisor of k and 13.
13
Suppose -12*a + 10 = -7*a. Suppose -39 = -a*y + y. What is the highest common divisor of y and 156?
39
Suppose 8*v + 19 = 99. Calculate the greatest common factor of 90 and v.
10
Suppose 0 = -4*d + 117 + 19. Let t(y) = -2*y**3 - 13*y**2 + 33*y + 74. Let v be t(-8). What is the highest common divisor of d and v?
2
Let n(b) = -b**3 - 3*b**2 - 2*b + 4. Let x = 2 + -5. Let f be n(x). Suppose f*v - 13*v = -24. What is the highest common factor of 64 and v?
8
Let c(v) = -2*v**3 - 10*v**2 - 5*v + 26. Let f be c(-8). What is the greatest common divisor of 60 and f?
30
Suppose 0 = -3*x + 3*j + 2*j + 2, 0 = -2*x + 2*j + 8. Let q be (-2)/(-3) + (-104)/39 - 31. Let i = q + 42. What is the greatest common divisor of i and x?
9
Let z = 308 + -12. Calculate the greatest common divisor of z and 8.
8
Let v(a) = -5*a + 493. Let s be v(-31). Calculate the greatest common divisor of s and 96.
24
Let t = -87 + 67. Let n be 7 + (-50)/t*12/10. Calculate the greatest common divisor of n and 8.
2
Let f be 11613/84 + 2/(-8). Let r = f + -108. Calculate the greatest common factor of 12 and r.
6
Let a(j) = -j**2 + 8*j - 10. Let y be a(4). Suppose y*q - 72 = 3*q. Calculate the greatest common divisor of q and 3.
3
Let g(f) = 97*f - 369. Let v be g(4). What is the greatest common factor of v and 817?
19
Let r(n) = 32*n**2 - 2*n + 2. Let i be r(1). Suppose 242 = 5*q + i. Calculate the highest common factor of q and 21.
21
Let x(j) = 14 - 7 - 2 + 3*j. Let g be x(-5). Let r = 3 - g. Calculate the greatest common factor of r and 13.
13
Suppose -r - 2*r = -69. Let v(c) = 26*c + 34. Let t be v(4). What is the highest common factor of t and r?
23
Let v be 38 + 1*(-8 + 4). Suppose -w + 10 = y, 0*w = -4*y - w + v. Suppose -3*l + 8*l = -4*u + 42, 0 = 3*l - 6. Calculate the greatest common factor of y and u.
8
Let r = 288 - 219. Calculate the greatest common factor of 3 and r.
3
Let x = 1449 - 1213. What is the highest common divisor of 590 and x?
118
Let g = -925 - -958. What is the highest common factor of g and 253?
11
Suppose 4*j + 3*b = 60, 4*b + 70 = 2*j + j. Suppose 5 = h - 4. Calculate the highest common divisor of j and h.
9
Let l(z) = -3*z**3 + z. Let d be l(-1). Let a = 1096 + -1090. What is the greatest common divisor of d and a?
2
Let d = 23 - 58. Let o be 482/5 + (3 - (-119)/d). Calculate the highest common divisor of o and 32.
32
Let w = 19 + -34. Let a be (-2)/(-3)*(0 - w). What is the highest common factor of 60 and a?
10
Suppose 5*x + 15 = -5*j, x + 0*j - 5*j = 9. Let r = 15 - x. Let v(c) = 14*c**2 + 4*c. Let u be v(2). Calculate the greatest common factor of u and r.
16
Suppose -4*d + 7*d = 12. Suppose -5 = -2*s + 7. Calculate the highest common divisor of d and s.
2
Let m(a) be the second derivative of 0*a**3 + 0 + 1/20*a**5 + 13/12*a**4 - 7*a + 2*a**2. Let c be m(-13). Calculate the greatest common divisor of c and 4.
4
Suppose -b = 2*g - 42, -7*b + 218 = -2*b + 2*g. Let q = -17 - 14. Let t = b + q. What is the greatest common factor of 91 and t?
13
Let s be ((-20)/(-32)*2)/(1/(-4)). Let h(n) = n**3 + 3*n**2 - 14*n - 8. Let c be h(s). What is the greatest common factor of 54 and c?
6
Suppose 4*b + u = 3*u + 3336, -2*b = -4*u - 1674. Calculate the greatest common factor of b and 17.
17
Let r be (-40)/(-6) + (-16)/(-12). Let w(c) = -c**2 + 10*c + 12. Let p be w(11). Calculate the greatest common factor of p and r.
1
Let j be (-3 - 1)*1/2. Let n be (8 - 8)/((-2)/j). Suppose -2*d = -3*l + 19, n = 3*l - 2*l - 5*d - 2. Calculate the highest common factor of l and 21.
7
Let n = 3307 + -3291. Suppose d = -3*d - 5*y - 214, 0 = -4*d - 3*y - 218. Let a = d + 96. What is the highest common factor of a and n?
8
Let m(d) be the second derivative of 3*d + 1/6*d**3 - d**2 +